{"id":21,"date":"2010-05-04T22:04:09","date_gmt":"2010-05-04T22:04:09","guid":{"rendered":"http:\/\/www.forskolansture.se\/?page_id=21"},"modified":"2024-09-29T08:55:52","modified_gmt":"2024-09-29T06:55:52","slug":"lokalen","status":"publish","type":"page","link":"https:\/\/www.forskolansture.se\/?page_id=21","title":{"rendered":"Huset"},"content":{"rendered":"<p><a href=\"https:\/\/www.forskolansture.se\/?attachment_id=1383\" rel=\"attachment wp-att-1383\"><img loading=\"lazy\" class=\"aligncenter size-full wp-image-1383\" src=\"https:\/\/www.forskolansture.se\/wp-content\/uploads\/2020\/05\/foraldrakooperativet-sture-inomhus-2.jpg\" alt=\"\" width=\"1440\" height=\"960\" srcset=\"https:\/\/www.forskolansture.se\/wp-content\/uploads\/2020\/05\/foraldrakooperativet-sture-inomhus-2.jpg 1440w, https:\/\/www.forskolansture.se\/wp-content\/uploads\/2020\/05\/foraldrakooperativet-sture-inomhus-2-300x200.jpg 300w, https:\/\/www.forskolansture.se\/wp-content\/uploads\/2020\/05\/foraldrakooperativet-sture-inomhus-2-1024x683.jpg 1024w, https:\/\/www.forskolansture.se\/wp-content\/uploads\/2020\/05\/foraldrakooperativet-sture-inomhus-2-768x512.jpg 768w\" sizes=\"(max-width: 1440px) 100vw, 1440px\" \/><\/a><br \/>\nSture ligger i en tv\u00e5plansvilla i \u00d6rby som \u00e4r ombyggd f\u00f6r barnverksamhet. Fastigheten \u00e4gs av Stockholms Stad. Fastigheten ligger p\u00e5 en lugn lokalgata n\u00e4ra Gamla Huddingev\u00e4gen och \u00d6rby skola.<\/p>\n<h4>G\u00e5rden<\/h4>\n<p>F\u00f6rskolan har en\u00a0g\u00e5rd med staket runt om. P\u00e5 baksidan finns en \u00f6ppen gr\u00e4syta med tr\u00e4d och en uteplats. P\u00e5 framsidan finns bland annat kl\u00e4tterst\u00e4llning och stor sandl\u00e5da. Bandyklubbor, bandym\u00e5l, bollar, trehjulingar, hinkar, spadar, bilar, spel med mera \u00e4r l\u00e4tt att plocka fram ur f\u00f6rr\u00e5det.<\/p>\n<h4>Inomhus<\/h4>\n<p>Inomhus finns det\u00a0flera rum att vara i.\u00a0P\u00e5 bottenv\u00e5ningen finns bland annat \u201dhoppis\u201d d\u00e4r vi har samlingar, sjunger, dansar samt har gymnastik och lek. H\u00e4r har vi \u00e4ven vilostund efter lunch. P\u00e5 bottenv\u00e5ningen finns \u00e4ven hallen d\u00e4r barnen har sina kl\u00e4der, kontor, personalrum och m\u00e5larrum.<\/p>\n<p>P\u00e5 \u00f6verv\u00e5ningen finns k\u00f6k med matrum d\u00e4r barn och personal \u00e4ter hemlagad frukost och lunch. H\u00e4r finns \u00e4ven stora rummet d\u00e4r\u00a0vi leker, ritar, spelar spel, l\u00e4gger pussel med mera.<\/p>\n<p>I byggrummet har vi t\u00e5gbana, bilar, riddarborg med mera. H\u00e4r har vi ocks\u00e5 v\u00e5r utkl\u00e4dningsgarderob som anv\u00e4nds flitigt av barnen.<\/p>\n<p>V\u00e5r ambition\u00a0\u00e4r\u00a0att h\u00e5lla b\u00e5de ute och innemilj\u00f6 s\u00e5 inbjudande som m\u00f6jligt f\u00f6r att stimulera till kreativa lekar.<\/p>\n","protected":false},"excerpt":{"rendered":"<p>Sture ligger i en tv\u00e5plansvilla i \u00d6rby som \u00e4r ombyggd f\u00f6r barnverksamhet. Fastigheten \u00e4gs av Stockholms Stad. Fastigheten ligger p\u00e5 en lugn lokalgata n\u00e4ra Gamla Huddingev\u00e4gen och \u00d6rby skola. G\u00e5rden F\u00f6rskolan har en\u00a0g\u00e5rd med staket runt om. P\u00e5 baksidan finns en \u00f6ppen gr\u00e4syta med tr\u00e4d och en uteplats. P\u00e5 framsidan finns bland annat kl\u00e4tterst\u00e4llning och &hellip; <a href=\"https:\/\/www.forskolansture.se\/?page_id=21\" class=\"more-link\">Continue reading <span class=\"screen-reader-text\">Huset<\/span><\/a><\/p>\n","protected":false},"author":1,"featured_media":0,"parent":0,"menu_order":6,"comment_status":"closed","ping_status":"closed","template":"","meta":[],"featured_image_urls":{"full":"","thumbnail":"","medium":"","medium_large":"","large":"","1536x1536":"","2048x2048":"","post-thumbnail":""},"post_excerpt_stackable":"<p>Sture ligger i en tv\u00e5plansvilla i \u00d6rby som \u00e4r ombyggd f\u00f6r barnverksamhet. Fastigheten \u00e4gs av Stockholms Stad. Fastigheten ligger p\u00e5 en lugn lokalgata n\u00e4ra Gamla Huddingev\u00e4gen och \u00d6rby skola. G\u00e5rden F\u00f6rskolan har en\u00a0g\u00e5rd med staket runt om. P\u00e5 baksidan finns en \u00f6ppen gr\u00e4syta med tr\u00e4d och en uteplats. P\u00e5 framsidan finns bland annat kl\u00e4tterst\u00e4llning och stor sandl\u00e5da. Bandyklubbor, bandym\u00e5l, bollar, trehjulingar, hinkar, spadar, bilar, spel med mera \u00e4r l\u00e4tt att plocka fram ur f\u00f6rr\u00e5det. Inomhus Inomhus finns det\u00a0flera rum att vara i.\u00a0P\u00e5 bottenv\u00e5ningen finns bland annat \u201dhoppis\u201d d\u00e4r vi har samlingar, sjunger, dansar samt har gymnastik och lek. H\u00e4r har&hellip;<\/p>\n","category_list":"","author_info":{"name":"admin","url":"https:\/\/www.forskolansture.se\/?author=1"},"comments_num":"0 comments","_links":{"self":[{"href":"https:\/\/www.forskolansture.se\/index.php?rest_route=\/wp\/v2\/pages\/21"}],"collection":[{"href":"https:\/\/www.forskolansture.se\/index.php?rest_route=\/wp\/v2\/pages"}],"about":[{"href":"https:\/\/www.forskolansture.se\/index.php?rest_route=\/wp\/v2\/types\/page"}],"author":[{"embeddable":true,"href":"https:\/\/www.forskolansture.se\/index.php?rest_route=\/wp\/v2\/users\/1"}],"replies":[{"embeddable":true,"href":"https:\/\/www.forskolansture.se\/index.php?rest_route=%2Fwp%2Fv2%2Fcomments&post=21"}],"version-history":[{"count":20,"href":"https:\/\/www.forskolansture.se\/index.php?rest_route=\/wp\/v2\/pages\/21\/revisions"}],"predecessor-version":[{"id":1519,"href":"https:\/\/www.forskolansture.se\/index.php?rest_route=\/wp\/v2\/pages\/21\/revisions\/1519"}],"wp:attachment":[{"href":"https:\/\/www.forskolansture.se\/index.php?rest_route=%2Fwp%2Fv2%2Fmedia&parent=21"}],"curies":[{"name":"wp","href":"https:\/\/api.w.org\/{rel}","templated":true}]}}