{"id":69,"date":"2010-05-04T22:06:30","date_gmt":"2010-05-04T20:06:30","guid":{"rendered":"http:\/\/www.forskolansture.se\/?page_id=69"},"modified":"2024-09-29T08:41:23","modified_gmt":"2024-09-29T06:41:23","slug":"valkommen-till-sture","status":"publish","type":"page","link":"https:\/\/www.forskolansture.se\/","title":{"rendered":"V\u00e4lkommen till Sture"},"content":{"rendered":"\n<div class=\"alignfull wp-block-ugb-header ugb-header ugb-bb1e709 ugb-header ugb-header--v3 ugb-header--design-plain ugb-main-block ugb-main-block--inner-wide ugb--has-block-background ugb--has-background-overlay ugb--has-bottom-separator\"><style>.ugb-bb1e709 .ugb-header__title{font-family:\"Poppins\",Sans-serif !important;font-size:48px !important;font-weight:300 !important;color:#ffffff;text-align:center !important;margin-bottom:100px !important}.ugb-bb1e709 .ugb-inner-block{text-align:center}.ugb-bb1e709.ugb-header{min-height:80vh;background-image:url(https:\/\/www.forskolansture.se\/wp-content\/uploads\/2020\/05\/foraldrakooperativet-sture-skogen.jpg)}.ugb-bb1e709.ugb-header:before{opacity:0.5}@media screen and (max-width:1025px){.ugb-bb1e709 .ugb-header__title{font-size:30px !important}.ugb-bb1e709.ugb-header{min-height:60vh}}@media screen and (max-width:768px){.ugb-bb1e709 .ugb-header__title{font-size:25px !important;margin-bottom:100px !important}.ugb-bb1e709.ugb-header{min-height:40vh}}@media screen and (-ms-high-contrast:active),screen and (-ms-high-contrast:none){.ugb-bb1e709.ugb-header{height:80vh}}<\/style><div class=\"ugb-bottom-separator\"><div class=\"ugb-separator-wrapper\"><svg viewbox=\"0 0 1600 200\" filter=\"url(#wave-1-shadow_svg__a)\" enablebackground=\"new 0 0 1600 200\" xmlns=\"http:\/\/www.w3.org\/2000\/svg\" class=\"ugb-separator__shadow\" preserveaspectratio=\"none\" aria-hidden=\"true\"><filter id=\"wave-1-shadow_svg__a\"><feGaussianBlur in=\"SourceAlpha\" stddeviation=\"4\"><\/feGaussianBlur><feComponentTransfer><feFuncA type=\"linear\" slope=\"0.4\"><\/feFuncA><\/feComponentTransfer><feMerge><feMergeNode><\/feMergeNode><feMergeNode in=\"SourceGraphic\"><\/feMergeNode><\/feMerge><\/filter><path class=\"wave-1-shadow_svg__st2\" d=\"M1341.4 48.9c-182.4 0-254.2 80.4-429.4 80.4-117.8 0-209.7-67.5-393.5-67.5-142.2 0-212.6 38.8-324.6 38.8S-10 64.7-10 64.7v10s91.9 35.9 203.9 35.9 182.4-38.8 324.6-38.8c183.8 0 275.7 67.5 393.5 67.5 175.2 0 247-80.4 429.4-80.4 87.6 0 158 12.9 268.6 53.1v-10c-110.6-40.2-181-53.1-268.6-53.1z\"><\/path><\/svg><svg viewbox=\"0 0 1600 200\" xmlns=\"http:\/\/www.w3.org\/2000\/svg\" class=\"ugb-separator__layer-1\" preserveaspectratio=\"none\" aria-hidden=\"true\"><path class=\"wave-1_svg__st2\" d=\"M1341.4 48.9c-182.4 0-254.2 80.4-429.4 80.4-117.8 0-209.7-67.5-393.5-67.5-142.2 0-212.6 38.8-324.6 38.8S-10 64.7-10 64.7V210h1620V102c-110.6-40.2-181-53.1-268.6-53.1z\"><\/path><\/svg><\/div><\/div><div class=\"ugb-inner-block ugb-inner-block--wide\"><div class=\"ugb-block-content\"><div class=\"ugb-header__item\"><div class=\"ugb-content-wrapper\"><h1 class=\"ugb-header__title\">V\u00e4lkommen till F\u00f6r\u00e4ldrakooperativet Sture <\/h1><\/div><\/div><\/div><\/div><\/div>\n\n\n<p>F\u00f6r\u00e4ldrakooperativet Sture ligger i en villa i \u00d6rby, \u00c4lvsj\u00f6, strax s\u00f6der om Stockholm. Vi har en naturtomt med tr\u00e4d, gr\u00e4s och buskar. Det finns \u00e4ven ett flertal lekparker p\u00e5 promenadavst\u00e5nd.<\/p>\n<p>V\u00e5ra visioner och v\u00e5rt m\u00e5l \u00e4r att Sture ska vara en f\u00f6rskola som alla ska trivas i &#8211; barn, f\u00f6r\u00e4ldrar och personal. Vi l\u00e4gger stor vikt p\u00e5 gemenskap, trygghet och v\u00e4nskap. Hos oss har alla barn lika v\u00e4rde och vi hj\u00e4lper varandra att vara goda f\u00f6rebilder.<\/p>\n<p>Vi har cirka\u00a020 barn i \u00e5ldrarna ett till fem \u00e5r och h\u00f6g personalt\u00e4thet. V\u00e5r mat lagas fr\u00e5n grunden av v\u00e5r duktiga kock som ser till att barnen f\u00e5r god och n\u00e4ringsriktig mat varje dag. Fokus ligger p\u00e5 vegetarisk matlagning, och s\u00e5 l\u00e5ngt det \u00e4r m\u00f6jligt, ekologiska och KRAV-m\u00e4rkta r\u00e5varor.<\/p>","protected":false},"excerpt":{"rendered":"<p>F\u00f6r\u00e4ldrakooperativet Sture ligger i en villa i \u00d6rby, \u00c4lvsj\u00f6, strax s\u00f6der om Stockholm. Vi har en naturtomt med tr\u00e4d, gr\u00e4s och buskar. Det finns \u00e4ven ett flertal lekparker p\u00e5 promenadavst\u00e5nd. V\u00e5ra visioner och v\u00e5rt m\u00e5l \u00e4r att Sture ska vara en f\u00f6rskola som alla ska trivas i &#8211; barn, f\u00f6r\u00e4ldrar och personal. Vi l\u00e4gger stor &hellip; <a href=\"https:\/\/www.forskolansture.se\/\" class=\"more-link\">Continue reading <span class=\"screen-reader-text\">V\u00e4lkommen till Sture<\/span><\/a><\/p>\n","protected":false},"author":1,"featured_media":0,"parent":0,"menu_order":1,"comment_status":"closed","ping_status":"closed","template":"","meta":[],"featured_image_urls":{"full":"","thumbnail":"","medium":"","medium_large":"","large":"","1536x1536":"","2048x2048":"","post-thumbnail":""},"post_excerpt_stackable":"<p>V\u00e4lkommen till F\u00f6r\u00e4ldrakooperativet Sture F\u00f6r\u00e4ldrakooperativet Sture ligger i en villa i \u00d6rby, \u00c4lvsj\u00f6, strax s\u00f6der om Stockholm. Vi har en naturtomt med tr\u00e4d, gr\u00e4s och buskar. Det finns \u00e4ven ett flertal lekparker p\u00e5 promenadavst\u00e5nd. V\u00e5ra visioner och v\u00e5rt m\u00e5l \u00e4r att Sture ska vara en f\u00f6rskola som alla ska trivas i &#8211; barn, f\u00f6r\u00e4ldrar och personal. Vi l\u00e4gger stor vikt p\u00e5 gemenskap, trygghet och v\u00e4nskap. Hos oss har alla barn lika v\u00e4rde och vi hj\u00e4lper varandra att vara goda f\u00f6rebilder. Vi har cirka\u00a020 barn i \u00e5ldrarna ett till fem \u00e5r och h\u00f6g personalt\u00e4thet. V\u00e5r mat lagas fr\u00e5n grunden av v\u00e5r&hellip;<\/p>\n","category_list":"","author_info":{"name":"admin","url":"https:\/\/www.forskolansture.se\/?author=1"},"comments_num":"0 comments","_links":{"self":[{"href":"https:\/\/www.forskolansture.se\/index.php?rest_route=\/wp\/v2\/pages\/69"}],"collection":[{"href":"https:\/\/www.forskolansture.se\/index.php?rest_route=\/wp\/v2\/pages"}],"about":[{"href":"https:\/\/www.forskolansture.se\/index.php?rest_route=\/wp\/v2\/types\/page"}],"author":[{"embeddable":true,"href":"https:\/\/www.forskolansture.se\/index.php?rest_route=\/wp\/v2\/users\/1"}],"replies":[{"embeddable":true,"href":"https:\/\/www.forskolansture.se\/index.php?rest_route=%2Fwp%2Fv2%2Fcomments&post=69"}],"version-history":[{"count":167,"href":"https:\/\/www.forskolansture.se\/index.php?rest_route=\/wp\/v2\/pages\/69\/revisions"}],"predecessor-version":[{"id":1518,"href":"https:\/\/www.forskolansture.se\/index.php?rest_route=\/wp\/v2\/pages\/69\/revisions\/1518"}],"wp:attachment":[{"href":"https:\/\/www.forskolansture.se\/index.php?rest_route=%2Fwp%2Fv2%2Fmedia&parent=69"}],"curies":[{"name":"wp","href":"https:\/\/api.w.org\/{rel}","templated":true}]}}